 36*t + 32. Let d(h) = h + 14. Let m be d(23). Let y be b(m). Give k(y).
7
Let i(y) be the first derivative of -13*y**2/2 - 129*y + 3457. Calculate i(-7).
-38
Let w(c) = -c**2 + c + 128. Suppose 2*v = -3*i - 1545 + 1543, 5*i + 4 = -4*v. Give w(i).
128
Let s(p) = -p - 1. Suppose 2*c - 4 = 2*v, 0 = -3*c + 2*v + 2*v + 5. Suppose -13 = c*d + t, -3*t = 5*d - 3*d - 3. What is s(d)?
5
Let l(y) = -21*y**2 + y. Suppose -5*w - 268 = 367. Let d = w - -126. Give l(d).
-22
Let j(q) = -6*q + 4. Let z(u) = -11*u - 49. Let h(t) = -12*t - 50. Let k(n) = -6*h(n) + 7*z(n). Suppose 33*l + 40 = 28*l. Let p be k(l). Give j(p).
22
Let m(f) = 172 + 683*f - 478*f - 43 + 3 + 73. What is m(-1)?
0
Let q(s) = 5*s**2 - 2*s**2 - 11 - 9 - 2*s**2 + 39 + 27*s. What is q(-25)?
-31
Suppose 3*h - 2 - 84 = 4*a, 0 = -a + 3*h - 35. Let z(r) = -27*r - 460. Calculate z(a).
-1
Let a(p) = p**3 + 5*p**2 + 8. Let l be (-6)/30 + ((-8)/(-2))/(95/(-114)). Give a(l).
8
Let x(n) = 11*n**2 - 1. Let f be (8/6)/(5/(-15) - 0). Let h be ((-3)/f - (-133)/(-76))*-1. What is x(h)?
10
Let q(i) be the second derivative of -i**8/1344 + i**6/720 + i**4/12 + 7*i**3 + 3*i + 13. Let k(x) be the third derivative of q(x). Give k(1).
-4
Let y(b) = -b + 12. Let x be y(10). Suppose 3*g - 27 = g + 3*s, -s = -x*g + 21. Let h(j) = -j + 8. Give h(g).
-1
Suppose -5*s + 5*l = -1245, -2*s = s - 4*l - 746. Let q = -249 + s. Let u(j) = -5*j**3 - j**2 + j - 1. Give u(q).
-6
Let x(j) = -j**3 - 4*j**2 + 3*j + 4. Let z(m) = -158*m**2 - 11*m + 12. Let c be z(1). Let b = -162 - c. Determine x(b).
14
Let f(c) = -2*c + 3*c**2 + 0*c - 1 + c**2. Let s be 4/(-9)*11799/(-1748). Calculate f(s).
29
Let t be 163*32/4 - 1. Let i(q) = -1301*q + 0 + t*q + 3 + 1. What is i(-7)?
-10
Let u(o) = 2*o. Let d = 29807 - 29816. Determine u(d).
-18
Let j(o) = 3*o**3 - 89*o**2 + 60*o - 60. Let p be j(29). Let d(v) = -15*v**2 - 4*v - 2. Determine d(p).
-54
Let p(c) = -c**3 - 13*c**2 + c - 9. Let g = 368 + -339. Suppose 5*k - 25 = n - 95, -3*k - 2*n - g = 0. Give p(k).
-22
Let m(q) be the second derivative of q**6/360 - q**5/10 + q**4/12 - 94*q**3/3 + 49*q. Let w(o) be the second derivative of m(o). What is w(11)?
-9
Let p(t) = 3*t + 15. Let g be p(-4). Suppose 9*b - g*b + 42 = 0. Let z(a) = -6 + 5*a + 7*a**2 + 3*a**2 - 9*a**2. Give z(b).
8
Let f be (2/(-7) - (-1752)/2555)/(2/30). Let m(l) = -2*l**2 - 2*l - 6. What is m(f)?
-90
Let x(s) = s**3 + 51*s**2 - 218*s - 5. Let k be x(4). Let w(v) be the second derivative of 37*v + 0*v**2 + 0 - 4/3*v**k. Give w(1).
-8
Let c(l) = -2*l**3 - 12*l**2 + 2*l + 3. Let r = -14395 - -14389. Determine c(r).
-9
Suppose -3 = 4*f - 7*y + 2*y, 0 = 3*f + 3*y + 9. Let o(m) = 2*m**2 - m - 7091597*m**3 + 14183205*m**3 - 1 - 7091604*m**3. What is o(f)?
-23
Let d(k) = 24*k + 1622. Let l be d(-67). Let u(h) = -h**3 + 14*h**2 + 20. Determine u(l).
20
Let g = 58793 - 58798. Let p(r) = -r**2 + 0*r + r + 7 - 2*r. What is p(g)?
-13
Let a(h) be the first derivative of -39*h**2/2 - 2*h + 473. Calculate a(1).
-41
Let q(v) = 28*v**3 - 3*v**2 + 2*v - 2. Let d be q(1). Let h(r) = 7*r - 6 + d - 9 - 8 - 6. Determine h(3).
17
Let u(x) be the third derivative of 1/6*x**4 + 0 - 1/3*x**3 + 0*x + 15*x**2. What is u(6)?
22
Let n(s) = -s**2 - 8*s + 4. Let q(y) = -4*y**2 - 33*y + 9. Let g(b) = -11*n(b) + 3*q(b). Give g(-9).
1
Let n(z) = -156*z - 31. Let c(s) = 443*s + 89. Let h(g) = 6*c(g) + 17*n(g). Give h(-4).
-17
Suppose 0 = -78*m + 75*m + 6. Let k(n) = m*n + 11*n - 6*n. Calculate k(-2).
-14
Let k(a) = -3*a**3 - 13*a**2 + 6*a + 14. Let q = -166 - -177. Let o(l) = 8*l**3 + 38*l**2 - 18*l - 41. Let y(v) = q*k(v) + 4*o(v). Determine y(8).
6
Suppose 0 = -3*y - 0*y + 6. Suppose 51 = y*f + 73. Let d(l) = -l**3 - 10*l**2 + 12*l + 7. What is d(f)?
-4
Suppose 0 = 281*d + 2421 - 1297. Let j(c) = c**3 + 4*c**2 + 6*c + 37. What is j(d)?
13
Suppose -31 = -36*m + 41. Suppose -4*v - 50 = -m*d, 3*d = 4*v + 20 + 33. Let y(k) = -k**2 - 11*k + 16. Determine y(v).
16
Let m(t) = -9*t + 281. Suppose 19*g - 803 + 195 = 0. What is m(g)?
-7
Let h(n) = -12*n + 154. Let g(z) = 3*z - 15. Let p(w) = 10*g(w) + h(w). What is p(-5)?
-86
Let c = -10282 - -10273. Let g(x) = -x**3 - 9*x**2 - x - 9. Calculate g(c).
0
Let p(n) be the third derivative of 7*n**4/24 + n**3/3 - n**2 - 12*n. Determine p(3).
23
Let d(y) = -3*y + 2. Let w(r) = 36*r - 89. Let p be w(-13). Let t = p - -559. Calculate d(t).
-4
Let l(u) = 11*u + 137. Let z(c) = -20*c - 247. Let n(h) = 11*l(h) + 6*z(h). What is n(-13)?
12
Let k(n) = n**3 - 17*n**2 - 2*n - 1. Suppose -5*q - 4*d + 113 = 0, 3*q + 610*d = 607*d + 72. Give k(q).
-35
Let p(y) = -y**3 - 3*y**2 - 3. Suppose -a + 29 + 24 = 0. Suppose -17*v - a + 2 = 0. Calculate p(v).
-3
Let c(j) = j**2 - 9*j + 19. Let w = -2240 - -2246. Determine c(w).
1
Let c(v) = 1417*v + 4247. Let m be c(-3). Let g(f) = -f**2 - 3 - 4*f - 2 - f**3 - 4*f**2 + 3. Determine g(m).
-2
Let o(a) = -40501*a**2 + 20248*a**2 + 20252*a**2 - 25 + 11*a. Calculate o(2).
-7
Let l(n) = n + 11. Suppose 9*j - 8 = 5*j. Let m be (2 - 4/j)/(-1). Suppose m*t = -2*t. Determine l(t).
11
Let h(n) be the second derivative of n**4/6 - 3*n**3/2 - n**2/2 + 1193*n. Let j = 232 + -228. Determine h(j).
-5
Let h be (-2)/46*2 - (-5394)/667. Let o(g) = 216 - h*g - g - 217. Determine o(-1).
8
Let y be 7/3 - 2/6. Suppose y = -j - 1. Let h(z) be the second derivative of z**4/6 + z**3/6 - z**2/2 + 4135*z. What is h(j)?
14
Let p(b) = 2*b**3 + 2*b - 9. Suppose -13*t - 83*t = 0. Determine p(t).
-9
Let x(y) = 9*y + 67. Let v(g) = 8*g + 59. Let d(a) = 3*v(a) - 2*x(a). Determine d(-5).
13
Let j(u) = u**3 - 5*u**2 - 8*u + 7. Suppose 6*g = 19 - 1. Suppose -g = -5*t + 7, -4*x + 5*t + 46 = 0. Suppose -8*s + x*s = 36. Determine j(s).
-5
Let v(o) = 8 + 6 - 4*o**2 - o + 11 + 13 - 37. What is v(4)?
-67
Let i(b) = -4*b + 9*b - 8 + 1 + 6 - b**2. Let w = -3 + -3. Let l be 16/6*(-9)/w. Calculate i(l).
3
Let o(l) = 5*l + 12. Let p be (24/(-16) - -3)*(-28)/6. Calculate o(p).
-23
Let h(s) = -3*s**2 - 7*s + 2. Suppose 23 - 11 = -6*l. Let p(v) = 16*v**2 + 34*v - 11. Let o(m) = l*p(m) - 11*h(m). Determine o(-9).
0
Let s(f) = -f**2 - 19*f + 14. Let g be s(-18). Let x = -30 + g. Let m(w) = 6*w**2 - 4*w - 4*w**2 - 3 - 3*w - 3*w**x. Give m(-6).
3
Suppose g - 2 = 0, 56 = -31*q + 37*q - 5*g. Let s(l) = -l**2 + 31*l - 222. Determine s(q).
-2
Let k be (-17)/(-3) - ((-84)/(-18) - 4). Suppose 25*n - 26*n - k*t + 6 = 0, 2*n - 2*t = 0. Let r(d) = -1 + 5*d - 2*d + 4*d**2 - d. Give r(n).
5
Let m(l) = 33*l - 13 - 12*l - 13*l - 22. What is m(5)?
5
Let b(m) = -m**3 + 27*m**2 - 15*m - 299. Let i be b(26). Let p(c) = c**3 + 13*c**2 - 3*c - 24. Calculate p(i).
15
Let n = -23 + 27. Let u(r) = 8*r**2 + 9*r - 6. Let f(m) = 5*m**2 + m - 1. Let a(y) = 2*f(y) - u(y). Give a(n).
8
Let y be (-12)/(-1) - (-3 + 2). Let h(o) = 4*o - 4 - 2*o + 3 + y*o**2. Calculate h(1).
14
Let r(i) be the first derivative of 1/2*i**2 - 34 + 0*i**3 + 1/4*i**4 + 21*i. Calculate r(0).
21
Let i(r) = 27*r**2 - 5*r - 8. Let v(p) = 7*p**2 - 1. Let k(u) = -i(u) + 4*v(u). Determine k(-4).
0
Let w(y) be the third derivative of y**5/15 - 3*y**4/4 + 7*y**3/2 + 6881*y**2. Give w(6).
57
Let w(l) be the first derivative of -l**5/20 - 2*l**4/3 - 3*l**3/2 - 4*l**2 - 84*l + 15. Let u(d) be the first derivative of w(d). Determine u(-7).
6
Let v(n) = -n**3 + 46*n**2 - 2*n + 94. Let r(i) = 202*i + 6106. Let t be r(-30). Calculate v(t).
2
Let l(a) = a**3 - 5*a**2 + 5*a - 4. Suppose -s + 162 = -2*u, -s - 3*u + 168 = u. Let r = -161 + s. Determine l(r).
-7
Let k = -4 - 2. Let w be ((-2)/(-5))/(12/(-120)). Let y(j) = 8*j**2 - 7*j + 11. Let m(o) = -3*o**2 + 2*o - 4. Let l(i) = w*y(i) - 11*m(i). What is l(k)?
0
Let r(q) = 2*q - 10. Suppose -g = 5, 0 = 6*d - 3*d + 4*g - 7. Let f = d - 3. What is r(f)?
2
Let d be (-80)/10 - (5 + 1). Let s(p) = -22*p - 302. Give s(d).
6
Let l(g) = -3*g**2 + 4*g - 2. Suppose j + f = 2*j, -4*f + 14 = 3*j. Suppose -16 = -5*v + 3*d, -2*v = -4*v - j*d. Give l(v).
-6
Let i(a) = -2*a + 5. Suppose -3*l = -2*b + 89, b + 46 = -3*l - 58. Let t = l + 27. Let k(u) = -u**3 - 5*u**2 + 7*u + 13. Let z be k(t). What is i(z)?
-9
Let p(f) = 2*f - 3. Suppose -34 = -3*g + 19*g - 2. Determine p(g).
-7
Let p(x) = x**3 - 9*x**2 + 18*x - 8. Let q be p(7). Let g = -15 + q. Let d(z) = -1 + g*z + 0*z - 3*z - 1. W